6, 44 = 2*t - 0*n - 2*n. Let u be (12/(-14))/(6/(-252)). Let w = u - t. What are the prime factors of w?
2, 5
What are the prime factors of 0 - (1 - -2 - 7)?
2
Let a be -39 - (5 + -2 + -4). What are the prime factors of (2/(-2))/(2/a)?
19
Let o = -6 + 14. Let c be (22 - -2)*6/o. Suppose 2*v = -v + c. List the prime factors of v.
2, 3
Suppose 2*k = -q + 5*k + 31, -4*q + 164 = -4*k. What are the prime factors of q?
2, 23
Let w = 4 + -5. Let x(b) = -3*b. What are the prime factors of x(w)?
3
Suppose -8*u + 3*u = 0. Suppose u = -2*w - 5*f + 10, 6*f = 2*w + f + 10. Suppose w = 2*s + 2*s - 36. What are the prime factors of s?
3
Let f = -309 - -448. List the prime factors of f.
139
Let b(s) = 146*s - 1. Let p be b(1). Suppose 2*z + 3*z = p. List the prime factors of z.
29
Let a(p) = 4*p - 80. What are the prime factors of a(24)?
2
Suppose 5*f - 9 = 2*f. Let i be 0/(-2)*9/9. Suppose 4*y + 3*s - 18 = i, f*s = y + y. What are the prime factors of y?
3
Suppose -2*c - c = -5*s + 17, 0 = s + 3*c + 11. Let m be 17/2 + s/2. Let h = 25 - m. What are the prime factors of h?
2
Let u = -4 - -4. Let h(j) = -j**2 + 6. Let l be h(u). Suppose 5*d - 3*m = -l*m + 67, 0 = -4*d + 3*m + 32. List the prime factors of d.
11
Let s(l) = 1. Let k(g) = 3*g. Let d(w) = k(w) - 6*s(w). Let b be d(5). Let v = b - 4. What are the prime factors of v?
5
Let v = 11 + -9. Suppose h = -4*z - 29, 2*h + 4 + 4 = v*z. List the prime factors of (-1*44)/(h + 7).
2, 11
Let j(s) = 6*s**2 + 5*s - 5. Suppose 2 = -a + 4. What are the prime factors of j(a)?
29
Let m(v) = 4*v + 1. Suppose -4*y - 5 + 13 = 0. Let j be m(y). Let t = 15 - j. What are the prime factors of t?
2, 3
Let m be (0/1)/3 + 29. Suppose m = 2*g + 5. List the prime factors of g.
2, 3
Let o(a) = -14*a. Let q(k) = k + 10. Let z be q(-11). List the prime factors of o(z).
2, 7
Let l(j) = 26*j**3 + 2*j**2 + j + 2. List the prime factors of l(2).
2, 5, 11
Suppose 26 = 4*t - 3*v, 0*v + 2*v - 4 = 0. Suppose y + 6 = -t. List the prime factors of (-1)/(-4) - y/8.
2
Let t be (-24)/(-10)*10/3. Let n(y) = 4*y**2 - y + 1. Let i be n(1). Let a = i + t. What are the prime factors of a?
2, 3
Let o = -95 - -245. List the prime factors of o.
2, 3, 5
Suppose 0 = -2*x + 6*x - 136. Let u = 57 - x. What are the prime factors of u?
23
Let i = 9 - 5. Suppose i*y + 33 = 7*y. List the prime factors of y.
11
Suppose -8*k + 7*k - 45 = 0. What are the prime factors of 4*(k/(-12))/3?
5
Let s be (-26)/(-8) + (-15)/(-20). Suppose 81 = s*q - 11. Let d = -10 + q. What are the prime factors of d?
13
Let h be (1 + 0)/(2/6). Suppose 4*c = h*c + 2. What are the prime factors of c?
2
Let x be 0*(-3)/9 - -4. Suppose 0 = x*k - 2*k + 32. Let z = -11 - k. List the prime factors of z.
5
Let a(r) = 4*r**2 + 2*r - 2. Let n(l) = -l - 1. Let m be n(1). List the prime factors of a(m).
2, 5
Let i be -1 - (2/1 - 5). List the prime factors of (2 - i) + (7 - 1).
2, 3
Let n = -61 - -228. What are the prime factors of n?
167
Suppose 4*z - 6 - 14 = 0. Suppose -3*j = z - 29. What are the prime factors of j?
2
Let c(w) = w**3 + 10*w**2 + 9*w + 2. Let s be c(-9). Suppose -2*z - k = -12, s*z + 2*k = 7*z - 21. Suppose -4*f + z*f - 18 = 0. List the prime factors of f.
2, 3
Let f(h) = h**2 + 8*h + 7. Let z(u) = u**2 + 9*u + 6. Let b(j) = -3*f(j) + 2*z(j). Let l be b(-6). List the prime factors of ((-12)/l)/((-6)/(-9)).
2
List the prime factors of 1/1 + 156/6.
3
Let p = -11 + 14. Suppose c - 3*q = 6, -3*c + 24 = -0*q - p*q. List the prime factors of c.
3
Let o be (-2)/(-9) - (-22)/(-18). What are the prime factors of o + (3*6 - 3)?
2, 7
Let s be (-309)/(-12) - (-2)/8. Let o be 1*8/(-4) + 4. Suppose 0*r - 5*i = -3*r + s, r = -o*i + 16. What are the prime factors of r?
2, 3
Let u(c) = -3*c - 4. Let z be u(-3). Suppose -4*g - 9 = -z*g. What are the prime factors of g?
3
Let f(u) be the third derivative of u**6/360 + u**5/30 + u**4/24 - u**2. Let g(z) be the second derivative of f(z). List the prime factors of g(4).
2, 3
Let k(x) = 7 + 2*x**2 + 89*x - 81*x + 1. List the prime factors of k(-7).
2, 5
Let d(w) be the first derivative of 2*w**3/3 + 3*w**2/2 + 2*w - 16. Suppose -2*g = -6*g - 16. What are the prime factors of d(g)?
2, 11
Suppose -3*k = -5*n - 15, 4*n + 5*k = -0*n + 25. Let q = 12 + -5. Let u = q + n. What are the prime factors of u?
7
Let s be (-1)/(1/(-2 + -3)). Suppose s*k = 10*k - 170. List the prime factors of k.
2, 17
Let s(v) be the second derivative of v**4/12 + 3*v**3/2 + v**2 - v. List the prime factors of s(-11).
2, 3
Let k = 12 + -3. Suppose -4*p + 19 = -k. List the prime factors of (p/(-4))/((-2)/8).
7
Suppose -5*p + 450 = 3*t, -3*p - 5*t + 270 = -0*p. What are the prime factors of p?
2, 3, 5
List the prime factors of 432/20 - (-6)/15.
2, 11
Let m(g) = -108*g**3. List the prime factors of m(-1).
2, 3
Suppose 2*i + 1 + 5 = 0. Let q = i - -42. List the prime factors of q.
3, 13
Suppose 0 - 6 = -s. Suppose 2*a + 2*f - 4 = 0, 4*a + 7*f + 1 = s*f. What are the prime factors of (-4)/a + 3/1?
7
Let a = -3 + -6. List the prime factors of ((-39)/a)/(4/12).
13
Let f = 0 + 2. Suppose -f*d + 5 = 1. What are the prime factors of d?
2
Let p be (9/18)/(1/8). Suppose 2*f - p*f + 32 = 0. List the prime factors of f.
2
Let f be (-8)/(-6) + (-2)/(-3). What are the prime factors of f/4*52/2?
13
Suppose -4 = -a - 1. Suppose -a*l - 19 = 11. Let h = -5 - l. List the prime factors of h.
5
Let r(i) = -i**3 + i. Let k be r(0). Let w(c) = -c + 7. List the prime factors of w(k).
7
Suppose 2 = v + n - 15, 20 = -5*n. List the prime factors of v.
3, 7
Let l = 12 - 13. What are the prime factors of (-1)/((-3)/162) + l?
53
Let n be 5/(-2)*(-2 - 14). Suppose 0*k + n = k. Suppose -8*o = -3*o - k. List the prime factors of o.
2
Let g = -13 + 8. Let y = 6 + g. What are the prime factors of y + 3/6*2?
2
Suppose -5*s = -3*n - 297, -4*s + 2*n + 0*n + 238 = 0. What are the prime factors of s?
2, 3, 5
Suppose -o + 5*o + 8 = 0. Let d = o - 0. List the prime factors of -2 - d - (-3 - 9).
2, 3
Let q(d) = -2*d**2 - 7. Let x(g) = -g**2 - g + 1. Let n(r) = -q(r) - 4*x(r). Let p = 7 + -9. List the prime factors of n(p).
19
Let g(b) = b + 1. Let p be g(7). Let a = 32 + p. Suppose 0*t - a = -4*t. List the prime factors of t.
2, 5
Let b(p) = p**2 - 3*p + 1. Let w be b(4). Let a be (-3)/(-5) + 12/w. Suppose 30 = 6*d - a*d. What are the prime factors of d?
2, 5
Suppose 3*f + 3 = 2*f. Suppose 0 = a - 3*a + 16. Let d = f + a. What are the prime factors of d?
5
Let w(l) be the third derivative of -l**5/60 + l**4/6 - l**3/6 - l**2. Let b be w(3). What are the prime factors of (-3)/(b - -1) - -9?
2
Let r(a) = 2*a**2 - 1. What are the prime factors of r(3)?
17
Let f(z) be the second derivative of z**4/12 - z**3/2 - 3*z**2/2 - 2*z. Suppose -10 = -2*g - 0*g. List the prime factors of f(g).
7
Let g(n) = -n + n**2 + 5*n**3 - n**3 + 2 - 3*n**3. Let r be g(0). Suppose r*m + 24 = 2*z + 6*m, 4*z - 48 = -m. What are the prime factors of z?
2, 3
Let v(g) = 23*g + 75. What are the prime factors of v(10)?
5, 61
Let l = -120 - -189. What are the prime factors of l?
3, 23
Suppose -v - 1 = 2. List the prime factors of -30*3/v - 2.
2, 7
Let u(t) = t**2 - t + 2. Let d be u(2). Suppose -d*z - 6 = f, 3*f - 11 = -4*z + 3. What are the prime factors of f?
2, 5
Let c(t) = 7*t**2 - 3*t + 3. Let v = -10 - -12. List the prime factors of c(v).
5
Let u be 84/45 + (-10)/(-75). Suppose 3*p = -4*m + 43, u*p - 6 = m + 30. What are the prime factors of p?
17
Let d(u) = 2*u + 18. Let t be d(-7). Let m = 7 - 3. Suppose 0 = m*n + t*w - w - 55, -n + 8 = -5*w. List the prime factors of n.
13
Let u(t) = t + 2. Let h be u(-1). Let k = 1 + h. Suppose -2*o - o - 12 = 0, -k*o = 2*y - 6. What are the prime factors of y?
7
Let i(w) = 5*w + 2. Let y be i(3). What are the prime factors of y + 2/((-4)/6)?
2, 7
Let s be (-3)/(-4) - (-10)/8. What are the prime factors of 29/(-2*s/(-4))?
29
Suppose 6*s - 9 - 99 = 0. What are the prime factors of s?
2, 3
Let y be 1/(-2)*(1 - 1). Suppose -4*l = -y*l. Suppose -3*c = -l*c - 18. What are the prime factors of c?
2, 3
Suppose 0*b = -5*b - 20, -3*b - 150 = -3*p. What are the prime factors of p?
2, 23
Let l(s) = 2*s**2 - s + 2. What are the prime factors of l(-4)?
2, 19
Suppose -10 = 5*n, 2*n - 4*n - 1 = 3*a. What are the prime factors of